{"id":18,"date":"2026-05-03T15:38:42","date_gmt":"2026-05-03T15:38:42","guid":{"rendered":"https:\/\/antonkaegikah.com\/?page_id=18"},"modified":"2026-05-03T15:38:42","modified_gmt":"2026-05-03T15:38:42","slug":"quien-soy-y-quien-no-soy","status":"publish","type":"page","link":"https:\/\/antonkaegikah.com\/?page_id=18","title":{"rendered":"QUIEN SOY Y QUIEN NO SOY"},"content":{"rendered":"\n<p>Seguramente tienes la despensa llena de buenos ingredientes y los fogones listos en la cocina, pero te encuentras parado frente a ellos porque nadie te mostr\u00f3 c\u00f3mo combinarlos. O quiz\u00e1s, simplemente, no encuentras las cerillas para encender el fuego.<br><\/p>\n\n\n\n<p>Pues bien, imagina esto:<br><\/p>\n\n\n\n<p>Soy el tendero de tu barrio.<\/p>\n\n\n\n<p><br>No soy un gur\u00fa, soy un dador de recetas y un vendedor de pilas o mapas de ruta. Mi trabajo en esta tienda es escucharte y ofrecerte exactamente los objetos necesarios para poner en marcha tu acci\u00f3n deseada. Ni m\u00e1s, ni menos.<\/p>\n\n\n\n<p>Si no tienes linterna, aqu\u00ed hay una; si la<br>tienes pero no alumbra, buscamos las pilas.<\/p>\n\n\n\n<p><br>En el mejor sentido de la palabra, soy un cuentacuentos que te ofrece la maestr\u00eda de su abuela y la receta de las torrijas de su madre. <\/p>\n\n\n\n<p>Si mis historias te reflejan, te servir\u00e1n para cocinar tu propio puchero, para enamorar a quien y lo que se ponga delante. <\/p>\n\n\n\n<p>Si no es as\u00ed, para qu\u00e9 mentirte, tendr\u00e1s que seguir jugando a rascar el canjeable de la vida.<\/p>\n\n\n\n<p><br>De cualquier forma compensa, porque el momento de decir EUREKA! est\u00e1 ya ah\u00ed mismo.<\/p>\n\n\n\n<p>En n una mesa con siete comensales degustando el mismo plato, a cada un@ les sentar\u00e1 de manera distinta, tu madre har\u00e1 cabriolas, tus hijos sopa de letras y t\u00fa, al igual has de ir a los servicios<\/p>\n\n\n\n<p><br>\u00bfQui\u00e9n NO soy?<\/p>\n\n\n\n<p><br>Aqu\u00ed funcionamos con la ley de las lentejas: \u00absi las quieres las comes, y<br>si no, las dejas\u00bb.<\/p>\n\n\n\n<ul class=\"wp-block-list\">\n<li>No soy el que cocina por ti: Yo te doy el recetario y te ense\u00f1o a manejar los ingredientes, pero el delantal te lo pones t\u00fa.<\/li>\n\n\n\n<li>No soy una gran superficie: No esperes frialdad ni soluciones en serie. En mi tienda se viene a hablar, a mirar a los ojos y a encontrar la pieza exacta que te falta, no la m\u00e1s cara, la que mejor te calza.<\/li>\n\n\n\n<li>No soy un vendedor de adornos. No te voy a vender algo que no necesites. El por qu\u00e9 de mi tienda es darte solo lo que te ponga en acci\u00f3n, pilas, linternas, prendas o mapas. Y ten por segur@ que la prenda que te lleves  te sentar\u00e1 de maravilla.<\/li>\n\n\n\n<li>No soy alguien que ha dejado de aprender: Como me dijo un sabio muy viejo con la aptitud de joven rockero:<\/li>\n\n\n\n<li> \u00abyo no soy viejo, esos dejan de aprender, tiran la toalla. Yo soy anciano, con los d\u00edas de la vida que tenga por delante, y cada d\u00eda sigo aprendiendo. Hoy soy m\u00e1s listo que ayer\u00bb.<br><br>\u00abB\u00fascame en el tercer puesto del p\u00f3dium. Me quedo con el bronce porque tengo toda la vida para seguir jugando, y algunas m\u00e1s para seguir intent\u00e1ndolo, me gusta jugar m\u00e1s que ganar.  <\/li>\n\n\n\n<li>\u00bfJugamos juntos?\u00bb\u00ef<\/li>\n<\/ul>\n\n\n\n<p><\/p>\n\n\n\n<p><\/p>\n\n\n\n<p><\/p>\n","protected":false},"excerpt":{"rendered":"<p>Seguramente tienes la despensa llena de buenos ingredientes y los fogones listos en la cocina, pero te encuentras parado frente a ellos porque nadie te mostr\u00f3 c\u00f3mo combinarlos. O quiz\u00e1s, simplemente, no encuentras las cerillas para encender el fuego. Pues bien, imagina esto: Soy el tendero de tu barrio. No soy un gur\u00fa, soy un [&hellip;]<\/p>\n","protected":false},"author":1,"featured_media":0,"parent":0,"menu_order":0,"comment_status":"closed","ping_status":"closed","template":"","meta":{"footnotes":""},"class_list":["post-18","page","type-page","status-publish","hentry"],"_links":{"self":[{"href":"https:\/\/antonkaegikah.com\/index.php?rest_route=\/wp\/v2\/pages\/18","targetHints":{"allow":["GET"]}}],"collection":[{"href":"https:\/\/antonkaegikah.com\/index.php?rest_route=\/wp\/v2\/pages"}],"about":[{"href":"https:\/\/antonkaegikah.com\/index.php?rest_route=\/wp\/v2\/types\/page"}],"author":[{"embeddable":true,"href":"https:\/\/antonkaegikah.com\/index.php?rest_route=\/wp\/v2\/users\/1"}],"replies":[{"embeddable":true,"href":"https:\/\/antonkaegikah.com\/index.php?rest_route=%2Fwp%2Fv2%2Fcomments&post=18"}],"version-history":[{"count":1,"href":"https:\/\/antonkaegikah.com\/index.php?rest_route=\/wp\/v2\/pages\/18\/revisions"}],"predecessor-version":[{"id":19,"href":"https:\/\/antonkaegikah.com\/index.php?rest_route=\/wp\/v2\/pages\/18\/revisions\/19"}],"wp:attachment":[{"href":"https:\/\/antonkaegikah.com\/index.php?rest_route=%2Fwp%2Fv2%2Fmedia&parent=18"}],"curies":[{"name":"wp","href":"https:\/\/api.w.org\/{rel}","templated":true}]}}